late the remainder when 49 is divided by 13.
10
What is the remainder when 1850 is divided by 35?
30
Calculate the remainder when 230 is divided by 21.
20
What is the remainder when 1046 is divided by 149?
3
What is the remainder when 4017 is divided by 49?
48
Calculate the remainder when 382 is divided by 77.
74
Calculate the remainder when 960 is divided by 46.
40
What is the remainder when 346 is divided by 25?
21
Calculate the remainder when 373 is divided by 210.
163
What is the remainder when 1543 is divided by 193?
192
What is the remainder when 152 is divided by 6?
2
What is the remainder when 2819 is divided by 31?
29
What is the remainder when 2639 is divided by 879?
2
Calculate the remainder when 118 is divided by 84.
34
What is the remainder when 623 is divided by 24?
23
What is the remainder when 5664 is divided by 1883?
15
Calculate the remainder when 156 is divided by 27.
21
Calculate the remainder when 23 is divided by 7.
2
Calculate the remainder when 91 is divided by 68.
23
What is the remainder when 187 is divided by 24?
19
What is the remainder when 4139 is divided by 90?
89
Calculate the remainder when 924 is divided by 303.
15
What is the remainder when 7409 is divided by 39?
38
Calculate the remainder when 478 is divided by 464.
14
What is the remainder when 1165 is divided by 106?
105
What is the remainder when 320 is divided by 85?
65
Calculate the remainder when 726 is divided by 81.
78
Calculate the remainder when 393 is divided by 79.
77
Calculate the remainder when 26 is divided by 7.
5
Calculate the remainder when 187 is divided by 57.
16
Calculate the remainder when 217 is divided by 71.
4
Calculate the remainder when 6478 is divided by 108.
106
What is the remainder when 1205 is divided by 577?
51
Calculate the remainder when 929 is divided by 232.
1
What is the remainder when 12762 is divided by 111?
108
What is the remainder when 173 is divided by 22?
19
What is the remainder when 9653 is divided by 210?
203
What is the remainder when 203 is divided by 116?
87
Calculate the remainder when 90 is divided by 33.
24
Calculate the remainder when 1298 is divided by 88.
66
What is the remainder when 7199 is divided by 96?
95
Calculate the remainder when 104 is divided by 5.
4
What is the remainder when 635 is divided by 71?
67
What is the remainder when 260 is divided by 127?
6
Calculate the remainder when 69 is divided by 10.
9
What is the remainder when 103 is divided by 29?
16
What is the remainder when 494 is divided by 43?
21
Calculate the remainder when 262 is divided by 67.
61
What is the remainder when 657 is divided by 94?
93
Calculate the remainder when 699 is divided by 39.
36
Calculate the remainder when 1741 is divided by 109.
106
What is the remainder when 413 is divided by 140?
133
What is the remainder when 3059 is divided by 9?
8
Calculate the remainder when 186 is divided by 5.
1
What is the remainder when 9049 is divided by 7?
5
What is the remainder when 334 is divided by 16?
14
Calculate the remainder when 281 is divided by 64.
25
Calculate the remainder when 202 is divided by 72.
58
What is the remainder when 309 is divided by 156?
153
Calculate the remainder when 1595 is divided by 100.
95
Calculate the remainder when 468 is divided by 93.
3
Calculate the remainder when 165 is divided by 9.
3
Calculate the remainder when 1113 is divided by 125.
113
What is the remainder when 186 is divided by 78?
30
What is the remainder when 466 is divided by 48?
34
Calculate the remainder when 336 is divided by 68.
64
What is the remainder when 107 is divided by 71?
36
What is the remainder when 134 is divided by 134?
0
What is the remainder when 316 is divided by 3?
1
Calculate the remainder when 626 is divided by 45.
41
Calculate the remainder when 2732 is divided by 114.
110
Calculate the remainder when 2453 is divided by 61.
13
Calculate the remainder when 10149 is divided by 36.
33
What is the remainder when 138 is divided by 47?
44
Calculate the remainder when 87 is divided by 62.
25
Calculate the remainder when 823 is divided by 18.
13
Calculate the remainder when 155 is divided by 12.
11
Calculate the remainder when 577 is divided by 261.
55
Calculate the remainder when 122 is divided by 9.
5
Calculate the remainder when 787 is divided by 36.
31
Calculate the remainder when 33 is divided by 24.
9
Calculate the remainder when 141 is divided by 29.
25
Calculate the remainder when 7590 is divided by 20.
10
Calculate the remainder when 103 is divided by 39.
25
What is the remainder when 3896 is divided by 57?
20
Calculate the remainder when 334 is divided by 14.
12
Calculate the remainder when 147 is divided by 51.
45
What is the remainder when 136 is divided by 126?
10
Calculate the remainder when 262 is divided by 14.
10
Calculate the remainder when 39 is divided by 2.
1
What is the remainder when 137 is divided by 15?
2
Calculate the remainder when 109 is divided by 22.
21
What is the remainder when 30805 is divided by 73?
72
What is the remainder when 244 is divided by 55?
24
What is the remainder when 215 is divided by 77?
61
What is the remainder when 388 is divided by 36?
28
What is the remainder when 3806 is divided by 16?
14
Calculate the remainder when 411 is divided by 111.
78
What is the remainder when 73 is divided by 15?
13
What is the remainder when 80 is divided by 54?
26
Calculate the remainder when 108 is divided by 11.
9
Calculate the remainder when 132 is divided by 110.
22
Calculate the remainder when 343 is divided by 43.
42
What is the remainder when 372 is divided by 120?
12
What is the remainder when 2510 is divided by 127?
97
What is the remainder when 364 is divided by 77?
56
What is the remainder when 171 is divided by 58?
55
What is the remainder when 209 is divided by 15?
14
What is the remainder when 79 is divided by 41?
38
What is the remainder when 8121 is divided by 62?
61
Calculate the remainder when 16782 is divided by 15.
12
Calculate the remainder when 2242 is divided by 203.
9
Calculate the remainder when 1383 is divided by 92.
3
Calculate the remainder when 3651 is divided by 303.
15
Calculate the remainder when 283 is divided by 57.
55
What is the remainder when 2 is divided by 1?
0
Calculate the remainder when 163 is divided by 32.
3
What is the remainder when 281 is divided by 116?
49
Calculate the remainder when 1631 is divided by 17.
16
Calculate the remainder when 129 is divided by 29.
13
Calculate the remainder when 38 is divided by 7.
3
What is the remainder when 4408 is divided by 98?
96
What is the remainder when 127 is divided by 70?
57
Calculate the remainder when 14138 is divided by 35.
33
Calculate the remainder when 220 is divided by 53.
8
Calculate the remainder when 1353 is divided by 17.
10
What is the remainder when 524 is divided by 28?
20
What is the remainder when 163 is divided by 82?
81
Calculate the remainder when 155 is divided by 29.
10
What is the remainder when 5015 is divided by 13?
10
What is the remainder when 275 is divided by 12?
11
Calculate the remainder when 3975 is divided by 173.
169
What is the remainder when 27 is divided by 23?
4
What is the remainder when 625 is divided by 126?
121
What is the remainder when 451 is divided by 115?
106
What is the remainder when 361 is divided by 48?
25
What is the remainder when 4988 is divided by 1660?
8
Calculate the remainder when 300 is divided by 32.
12
Calculate the remainder when 108 is divided by 55.
53
What is the remainder when 88 is divided by 18?
16
Calculate the remainder when 514 is divided by 7.
3
Calculate the remainder when 224 is divided by 72.
8
Calculate the remainder when 2798 is divided by 187.
180
Calculate the remainder when 4366 is divided by 26.
24
Calculate the remainder when 680 is divided by 44.
20
Calculate the remainder when 1659 is divided by 120.
99
Calculate the remainder when 187 is divided by 94.
93
What is the remainder when 1115 is divided by 10?
5
Calculate the remainder when 735 is divided by 123.
120
What is the remainder when 564 is divided by 21?
18
Calculate the remainder when 387 is divided by 95.
7
What is the remainder when 63809 is divided by 43?
40
Calculate the remainder when 1177 is divided by 19.
18
Calculate the remainder when 85 is 